 Let s = -26 + 49. What is the remainder when s is divided by u?
11
Suppose -5*r = 4*l - 52, -2*r = -2*l - l + 16. Let c = -5 - -8. Calculate the remainder when l is divided by c.
2
Suppose -w - 4 = -3*w. Suppose -s - 3*s = w*h - 164, 204 = 5*s + 2*h. Let c = -24 + 45. Calculate the remainder when s is divided by c.
19
Let l be 48/5 + (-2)/(-5). Let d(s) = s - 8. What is the remainder when 2 is divided by d(l)?
0
Let r = -3 + 6. Let h = 5 - r. Let p = h - 1. Calculate the remainder when 2 is divided by p.
0
What is the remainder when 1 is divided by (70/65)/(-7) + 15/13?
0
Suppose -19 = -5*t + 11. Suppose -122 = -5*j - 4*s, -3*j = -s + t*s - 68. What is the remainder when 102 is divided by j?
24
Let x(b) = -b**2 - 8*b - 3. Let u be ((-2)/6)/((-3)/(-45)). What is the remainder when 33 is divided by x(u)?
9
Let i = 6 + 0. What is the remainder when i is divided by 3?
0
Let c(m) = -2*m. Let f be c(-3). Calculate the remainder when 37 is divided by f/3*13/2.
11
What is the remainder when ((-3 - 1) + 0)/(-1) is divided by 4?
0
Let q = -29 + 48. What is the remainder when 47 is divided by q?
9
Let a(p) = -5*p**2 + 1. Let v be a(1). Suppose 3*s = 2*o - 5, -18*s + 19*s - 3*o = -11. Calculate the remainder when (-6)/v*(-4)/(-6) is divided by s.
0
Suppose -j + 6*j - 550 = 0. Calculate the remainder when j is divided by 28.
26
Suppose l = -0 + 14. What is the remainder when l is divided by (24/(-15))/(1/(-5))?
6
Let t(v) = -7*v**3 - 6*v**2 - 4*v - 1. Calculate the remainder when t(-3) is divided by 37.
35
Suppose r = 4*q + 2*r - 12, -2*r = 5*q - 12. Suppose 5*w = 3*w - 8. Calculate the remainder when q is divided by (5 - 0) + 8/w.
1
Let m(z) = -z**2 - 14*z - 13. Let b be m(-13). Calculate the remainder when 13 is divided by 4*(-2)/(b + -2).
1
Let t(z) = 4*z - 1. Let w be t(4). Calculate the remainder when 17 is divided by w - 8 - 2*1.
2
Suppose -3*m + 10 = 2*m. Suppose k - 2*k = 1. Let z(u) = u**2 + u + 1. Calculate the remainder when m is divided by z(k).
0
Let j be (-14)/(-8) - (-2)/8. Suppose 3*p = 4 + j. Suppose -2*v - 5 = 5*h - 17, h - 2 = 0. What is the remainder when p is divided by v?
0
Let a = -36 + 82. What is the remainder when a is divided by (-3 - 26/(-10))*-30?
10
Let x(a) = -a**3 - 4*a**2 - 5*a + 3. What is the remainder when 15 is divided by x(-3)?
6
Let k(d) = 30*d + 3. What is the remainder when k(4) is divided by 31?
30
Let m(d) = -d - 7. Let q be m(-7). Let t = 2 + q. Let s(g) = g**3 - g**2 - g + 2. Calculate the remainder when t is divided by s(0).
0
Let j(t) = t**2 - t - 19. Calculate the remainder when j(7) is divided by 13.
10
Suppose 2 = 3*o - 2*o. Suppose -39 = -5*c + o*p - 8, 3*c + p - 12 = 0. Calculate the remainder when c is divided by 2.
1
Let k(x) = 65*x**2. Let o be 6/(-4)*(3 + -19). Let u = o + -2. What is the remainder when k(-1) is divided by u?
21
Let d = -26 - -26. Let u(r) = r**2 - r + 7. What is the remainder when 19 is divided by u(d)?
5
Suppose -3*t - 5*r - 21 = -4*t, t - 2*r = 21. What is the remainder when 83 is divided by t?
20
Let t(k) = -18*k - 3. Let j be t(-6). Suppose 4*h + 3*p = 101, -p = 3*h - 7*h + j. Calculate the remainder when h is divided by 14.
12
Suppose -4*p - 5*n = -3*p - 132, -5*n - 478 = -4*p. Calculate the remainder when p/4 - 8/16 is divided by 11.
8
Let o = -36 - -48. What is the remainder when 47 is divided by o?
11
Suppose -6*n + 4*n + 6 = 0. What is the remainder when n is divided by 3?
0
Let y be 5/15 - 7/3. Let w(r) = 3*r**2 - 2*r - 1. What is the remainder when 58 is divided by w(y)?
13
Let i(w) = 3*w + 2. Let z be i(2). Suppose -5*a + 32 + z = 0. Suppose -2*s + 2 - a = 0, 0 = 5*j - 3*s - 64. Calculate the remainder when j is divided by 4.
3
Suppose -4*s - 25 + 57 = 0. Calculate the remainder when 27 is divided by s.
3
Let j(g) be the first derivative of -g**3/3 - 4*g**2 - 7*g + 1. Let i be j(-5). Suppose 0*n + 2*n - i = 0. Calculate the remainder when 11 is divided by n.
3
Suppose -3*d = -4*q + q - 45, d + 5*q - 45 = 0. Let r = -8 + d. Let x = 17 + r. Calculate the remainder when x is divided by 10.
9
Calculate the remainder when (-1)/(2/(-70)) + (-6)/(-2) is divided by 14.
10
Calculate the remainder when 99 is divided by 32 + 2/(-4 - -5).
31
Let j be 13 - (4 - 1 - 2). Let m = j - 6. Suppose 4*z = -z + 75. What is the remainder when z is divided by m?
3
Suppose 3*t - 120 + 39 = 0. Calculate the remainder when t is divided by 15.
12
Let s = 3 - -1. Suppose -133 = -s*u + 3*h, -4*h + 37 + 1 = u. Calculate the remainder when u is divided by 9.
7
Calculate the remainder when 3 is divided by 18/8 - (-1 - 1/(-4)).
0
Suppose -3*l + 4*g + g = -14, 5*g - 50 = -5*l. What is the remainder when ((l - -2)/(-1))/(-1) is divided by 6?
4
Suppose -2*d + 287 = -h, 2*h - 138 = -d - 3*h. Calculate the remainder when d is divided by 24.
23
Let z = 24 + -10. Let w = 9 + -2. Let k = w + -2. What is the remainder when z is divided by k?
4
Let l = -10 - -15. Suppose -5*j + 10 + 5 = 0. Calculate the remainder when l is divided by j.
2
Suppose 2*u + 2*u - 4 = 0. Calculate the remainder when 50 is divided by (2 + 24)*u/2.
11
Suppose 4*r = r + 36. What is the remainder when 23 is divided by r?
11
Let w(i) = i + 5. Let x be w(-10). What is the remainder when -58*((-15)/(-6))/x is divided by 10?
9
Let s = 42 - 18. Suppose 107*c = 102*c + 230. Calculate the remainder when c is divided by s.
22
Let u be ((-18)/10)/((-2)/10). Let j = u + -5. Calculate the remainder when 11 is divided by j.
3
Let l = 35 - 4. Suppose -2*t - s + 34 = 0, 7*s = 5*s. What is the remainder when l is divided by t?
14
Suppose 17 = 5*w - 3. Let h = w - 5. What is the remainder when 7 is divided by h/((-4)/(-2))*-10?
2
Let r be (-2)/(-2) - 2/(-2). Let s(t) = -3*t - 6 - r + 2. What is the remainder when 22 is divided by s(-4)?
4
What is the remainder when 44 is divided by 116/5 + 1/(-5)?
21
Suppose 2*m - 14 = -6. Suppose -5*h - 63 + 27 = -m*p, 2*p - h - 12 = 0. Let r = 0 + p. What is the remainder when 10 is divided by r?
2
Let m be 1/(1/3) - -45. Let u = 83 - m. What is the remainder when u is divided by 18?
17
Suppose q = -4*g - 29, -5*q - 23 = 2. Suppose -5*c = -10*c + 80. Let u = g + c. What is the remainder when 28 is divided by u?
8
Let v = -55 - -66. What is the remainder when v is divided by 5?
1
Let f(i) = -i + 3. Suppose 0 = d - 4*g - 3, 5*g - 4 = -3*d + 5. Let m be f(d). Suppose -2*p + 52 = -m*p. What is the remainder when p is divided by 14?
12
Let k(h) be the second derivative of h**5/20 + 5*h**4/6 + 4*h**3/3 + 3*h**2 + 2*h. Calculate the remainder when k(-9) is divided by 8.
7
Let q(h) = -6*h - 27. What is the remainder when q(-14) is divided by 15?
12
Suppose -3*j + 19 = -2. Let p = 80 - 75. Calculate the remainder when j is divided by p.
2
Suppose -5*b - 26 = -u, -2*b - 5*u + 4 = 9. Let l(f) = f**3 + 5*f**2 + 2. Let k(h) = h - 1. What is the remainder when k(4) is divided by l(b)?
1
Let z(s) = s**2 + 4*s - 7. Let h be z(-6). Let o = -5 + h. Let k = 7 + o. Calculate the remainder when k is divided by 4.
3
Let u(z) = 8*z - 59. Calculate the remainder when u(10) is divided by 2.
1
Let t(q) = q**2 + 5*q + 4. What is the remainder when -4*(12/(-18) - 398/24) is divided by t(-7)?
15
Let g = -88 + 154. Suppose -g = -3*l + 2*o, 30 = l + 5*o - 3*o. Calculate the remainder when 22 is divided by l/(-9)*(-27)/6.
10
Suppose 3*i + 2*w = 4*w + 67, -4*i + 3*w + 89 = 0. Calculate the remainder when i is divided by 2 + (1 - (-27)/3).
11
Let d(f) = -2 - 2 + 2*f - 2. Let i be d(5). Suppose 0 = -5*r + 3*x + 83, -i*x - 41 = -3*r - 0*x. Calculate the remainder when 55 is divided by r.
17
Let k be 63/6 - 3/(-6). Suppose 0 = 2*w - 3 - k. Suppose -32 = 5*z - w*z. Calculate the remainder when 31 is divided by z.
15
What is the remainder when 24 is divided by (4 - (-2 + -3)) + -2?
3
Suppose 2*c = 2*s - 15 + 3, 4*s + 2*c = 18. What is the remainder when 64 is divided by s?
4
Calculate the remainder when 92 is divided by (-239)/(-5) + (-2 + 0)/(-10).
44
Suppose 15*d + 92 = 19*d. What is the remainder when 41 is divided by d?
18
Suppose 2 + 2 = w. Suppose -10 = -b + 3*q - 2*q, 4*b = 2*q + 50. Let r = b - 8. What is the remainder when r is divided by w?
3
Let q be -12 + (-3 + 3 - 2). Let o be 14/49 - (-18)/q. Calculate the remainder when 30 is divided by -3